ppose -5*d = 0, 4*l - 160 = -0*l + 2*d. What is the units digit of l?
0
Let t(f) = -9*f. What is the tens digit of t(-2)?
1
Suppose -v = -0*v + 28. What is the units digit of (0 + 1 - v)*2?
8
Suppose 272 = 2*q + 2*q. What is the tens digit of q?
6
Suppose c - 2 = -c. What is the units digit of c?
1
Suppose 4 = 4*y - 8. Suppose -3*x - 5*d = -2*d - 30, -y*d = -x + 10. Suppose -2 - x = -2*r. What is the units digit of r?
6
Let j = -11 + 31. Suppose y - j = 3*y. Let p = -6 - y. What is the units digit of p?
4
What is the units digit of 82/(21/(-9) - -3)?
3
Let l = 24 + 11. What is the units digit of l?
5
Let f(q) = 5*q - 4 + q - 3*q. Let n(w) = -w**2 + 10*w + 14. Let m be n(11). What is the units digit of f(m)?
5
Let b(r) be the third derivative of -r**4/12 - 5*r**3/6 - 7*r**2. What is the units digit of b(-4)?
3
Let q = -3 + 7. Suppose -q*y + 180 = y. What is the units digit of y?
6
Let i(o) = o**2 - o + 2. Let z(b) = -b - 1. Let m(h) = -h**2 - 2*h - 1. Let w be m(-2). Let d be z(w). What is the units digit of i(d)?
2
Let h(u) = 2*u**2 - u + 1. Let c be h(2). Suppose 2*x - 11 - c = 0. What is the units digit of x?
9
Let i be -6*(-1 + 2/6). Suppose -i*w = -3*w - 4*m - 17, -w - 4*m = -1. Let b = -3 + w. What is the units digit of b?
6
Let g be 6 + -1 + 1 + 2. Let r = g + 6. Suppose a + a = r. What is the units digit of a?
7
Suppose -4*d = r + r - 26, -r = -4*d - 19. Suppose -4*p + r = -5. Suppose 24 = p*b - 2*b. What is the units digit of b?
8
What is the units digit of (2 - 1/(-2))*6?
5
Let j(p) = 47*p + 2. What is the units digit of j(2)?
6
What is the tens digit of 0 + 48 + -4 + 1?
4
Let w = -2 - -7. Let g be 1 - ((3 - 1) + -1). Suppose g = w*v + 12 - 47. What is the units digit of v?
7
Suppose -w + 2*w = 1. Let v = 28 + w. Suppose 2*u - v = 11. What is the units digit of u?
0
Suppose -x - 1 = 7. Let p = -7 - x. What is the units digit of p?
1
Let c(s) = -27*s**3 + s. Suppose 4*y = -y - 5. What is the units digit of c(y)?
6
Suppose 1204 = 2*f + 2*f. What is the tens digit of f?
0
Let f be 1/((-7)/(-2) - 3). Suppose 5*z = f*g + 50, 3 + 39 = 4*z - 2*g. What is the units digit of z?
8
Let a be (-22)/(-8) - 3/(-12). Suppose -2 = 2*t - 2*r, 3*t - 7*t + 2*r - 2 = 0. Suppose -3*x - 2*x = a*b, 2*b - 2*x - 16 = t. What is the units digit of b?
5
Suppose 0 = -2*h + 7 + 3. Suppose -183 = -h*z - 38. What is the units digit of z?
9
What is the units digit of 1128/33 + 2/(-11)?
4
What is the units digit of ((-3)/6)/((-1)/72)?
6
Let p(x) = -x**2 - x. Let v be p(-2). Let h(g) = g**2 + 5*g + 2. Let o be h(v). Let s(b) = 2*b**2 + 3*b - 5. What is the units digit of s(o)?
5
Let u(f) = -f**3 + 11*f**2 - 12*f - 12. What is the units digit of u(9)?
2
Let y be (-8)/(-20)*(-2 - -102). Suppose -y = -5*v + 3*v. What is the tens digit of v?
2
Suppose 0 = 2*r + 2*r + 2*t - 364, -4*r + 370 = 5*t. What is the tens digit of r?
9
Let a = -3 + 6. Suppose -a*d + s + 4*s + 82 = 0, 0 = s + 5. Let c = d - 10. What is the units digit of c?
9
Let r be 2/6 - 24/(-9). Let t be 34/6 - 2/r. Let g = t + 4. What is the units digit of g?
9
Suppose -2*k = -5*i - 6*k + 479, 5*i = -k + 476. What is the tens digit of i?
9
Suppose -4*h - 3*h + 623 = 0. What is the units digit of h?
9
Let a(y) = -7*y - 3. What is the units digit of a(-3)?
8
Suppose 59*i + 27 = 68*i. What is the units digit of i?
3
Let p(l) = -l**2 + 13*l + 6. Let y be p(13). Suppose y*d - 136 = 2*d + 4*t, -2*d + 77 = -5*t. What is the units digit of d?
1
Let n(l) = 8*l**2 + 3*l + 2. What is the tens digit of n(-2)?
2
Suppose 0 = -n + 2*c + c + 36, 3*n - 43 = -4*c. What is the units digit of n?
1
What is the units digit of (-36)/(-2) - 2 - 1?
5
Let h be (-7)/(-2) + 5/(-10). Suppose -h*w + 0 + 21 = 0. What is the units digit of w?
7
Let f be (-166)/(-10) + 4/10. Suppose -z + 2*z = f. Let r = 31 - z. What is the units digit of r?
4
Let b be 92/22 - 6/33. Suppose 6*w + 18 = b*w. Let t = -7 - w. What is the units digit of t?
2
Let d = 27 + -14. Suppose -5 - d = -3*i. What is the units digit of i?
6
Let t(v) = -v**3 + 6*v**2 + 9*v - 9. Let a be t(7). Let g = 6 - a. What is the units digit of g?
1
Let y(k) = k**2 + 5*k - 10. Let a be y(-7). Suppose 5*p - 2*b - 42 + 0 = 0, 4*p + a*b = 56. What is the tens digit of p?
1
Let t(o) = 3*o - 4. Suppose -u + 6 + 6 = 0. What is the units digit of t(u)?
2
Suppose 0*w - 54 = -w. What is the units digit of w?
4
Suppose i + 4*i + 27 = -b, 4*b = -2*i. Let j be (-33)/2 - (-1)/2. Let x = i - j. What is the tens digit of x?
1
What is the units digit of 48*(3/(0 - 3))/(-1)?
8
Let u be -4*(364/(-16))/7. Suppose 5*y = 58 - u. What is the units digit of y?
9
Let c(y) be the second derivative of -y**3/6 - 3*y**2 + y. Let x be c(-9). Suppose 0 - 3 = -t + 3*f, 0 = 4*t - x*f - 21. What is the units digit of t?
6
Let v be (-3509)/(-55) + 1/5. Suppose 0*h - 52 = -a + 3*h, 0 = 2*a + 4*h - v. What is the tens digit of a?
4
Let c(x) = -2*x**3 + 0*x**3 + 2*x**3 + x**3. Let f(q) = -6*q**3 - 3*q**2 - 3*q. Let n(k) = 5*c(k) + f(k). What is the units digit of n(-3)?
9
Let s(a) = -a**3 + 11*a**2 + 5*a + 4. What is the tens digit of s(11)?
5
Let u(d) = -d + 3. Let l be u(-4). Suppose -3*p = -28 + l. What is the units digit of p?
7
Let g = -70 + 205. What is the hundreds digit of g?
1
Let o be (-2 - -5)/(12/(-8)). What is the units digit of (0 - -2)*(0 - o)?
4
Let b = 0 + 4. Suppose -b*k + k - u = -17, 21 = 4*k + u. What is the units digit of (2/(-4))/(k/(-32))?
4
Suppose -3*b + 2*x = -103, -2*b + 5*b - 95 = 4*x. What is the tens digit of b?
3
Let b(w) = w - 6. Let o be b(6). Suppose o = -s + 5 - 4. What is the units digit of s?
1
Suppose -5*i + 4*d = -65 - 36, 0 = 2*i - 3*d - 46. What is the units digit of i?
7
Let q(w) = w**3 - 3*w**2 - 3*w - 5. Let g be q(4). Let i = 9 + -4. Let f = i + g. What is the units digit of f?
4
Suppose -2*m + 8 = 4*f - 10, -3*f + m = -1. Let u(p) = 5*p**3 - 5*p**2 - 3*p - 4*p**3 + 5 - f*p**3. What is the units digit of u(-4)?
1
Suppose -6*h + 3*h = -6. Suppose h*b + 3*b = 10. What is the units digit of b?
2
Let f = -31 - -86. What is the tens digit of f?
5
Suppose -584 = -21*v + 46. What is the tens digit of v?
3
Let z = -1 - -27. What is the units digit of z?
6
Let j(y) = -3 + 2*y + 0*y - 3*y. Let t be j(-6). Suppose 6*s - s + 26 = t*m, -3*m + 20 = s. What is the units digit of m?
7
Suppose 0 = -2*c - 0*c + 174. Suppose -y = -5*p - 32, -4*y + c = -5*p + 19. What is the tens digit of y?
1
Suppose -2*d + 6*d = 108. Suppose j - 5 = -h + 10, 2*h + 5*j - d = 0. What is the units digit of h?
6
Let w(p) = p**3 + 6*p**2 - 9*p - 9. Let g be w(-7). Suppose -x + 3*s = -15, 0*s + s + g = -5*x. Suppose -d + x*d = -4. What is the units digit of d?
4
Let w(g) = g**3 - 4*g**2 - 8*g + 6. What is the units digit of w(6)?
0
Suppose 8 = 3*o - 19. Let x be o/1 - (-1 - 0). Suppose c + x = 2*c. What is the units digit of c?
0
Suppose 3*o = -5*x + 583, 2*o + 2*x = -3*o + 959. What is the hundreds digit of o?
1
Suppose -1227 - 698 = -11*r. What is the tens digit of r?
7
Suppose 7*q = 5*q + 4. Suppose -3*k + n + 10 = 2*n, -n - q = 0. What is the units digit of k?
4
Let z = 0 - -3. Suppose -16 = -3*i + i + 3*l, 3*i - 24 = 3*l. Suppose i*x - 55 = z*x. What is the units digit of x?
1
Let s(n) = -29*n**3 + n + 2 + 0*n**3 + 1 - 2 - n**2. What is the tens digit of s(-1)?
2
Suppose c + 77 = 8*c. What is the tens digit of c?
1
Let x = 159 - 96. What is the units digit of x?
3
Let x = 46 + 68. Let f = x + -79. What is the units digit of f/(-14)*2/(-1)?
5
What is the tens digit of 6/((-28)/(-12) - 2)?
1
Let c be (-28)/(-5) + 4/10. Suppose 0 = -c*u + 3*u + 18. What is the units digit of u?
6
Let a(d) = -3*d**2 + 3*d - 1. Let i be a(2). Let h(s) = -3*s - 7. What is the tens digit of h(i)?
1
Let i(j) = -j**3 + 4*j**2 + j - 4. Let p(h) = h - 1. Let y be p(4). What is the units digit of i(y)?
8
Let g(b) = b**2 - 6*b + 5. Let i = 17 + -11. What is the units digit of g(i)?
5
Let l(x) = -2*x. Let m be l(-3). Let p be (0 + (-2)/3)*m. What is the units digit of ((-6)/p)/((-1)/(-6))?
9
Let h = 5 + -3. Suppose 0 = -2*l + 4 + h. What is the units digit of l?
3
Suppose -16*i - 3*u = -14*i - 257, -677 = -5*i + 4*u. What is the units digit of i?
3
Let y = 261 + -174. What is the units digit of y?
7
Suppose 4*m = 3*o + 299, 4*o - 61 = -m + 